ommon factor of t and 49.
7
Let g = 36 + 125. Calculate the highest common factor of 23 and g.
23
Suppose 6*w + 121 = 9*w - 4*s, -5*w - 4*s = -159. Calculate the greatest common factor of w and 45.
5
Suppose -k - 16 + 4 = 0. Let j be -1*-3*(-20)/k. Suppose -24 = -2*x - s + 5, -5*x - j*s + 60 = 0. What is the highest common factor of 136 and x?
17
Suppose -5*h + 680 - 5 = 0. What is the highest common divisor of h and 243?
27
Suppose 4*w = -m - 4*m - 19, w + 7 = m. Let g be w/(-5)*900/27. Suppose -7*o - g = -12*o. Calculate the highest common divisor of o and 16.
8
Let h = -3 - -10. Let a be ((-2)/(-2))/(6/(-24)) - -27. Suppose 0 = -15*q + a*q - 8. Calculate the greatest common divisor of h and q.
1
Let u(m) = m**3 - 6*m**2 + m - 9. Let w be u(6). Let p be (-16)/w*(135/(-20))/(-1). What is the highest common factor of p and 12?
12
Let v = 34 + -34. Let b = 1 + 10. Let r = b - v. What is the greatest common divisor of 110 and r?
11
Let c be ((-15)/(-25))/((-1)/5). Let h be 1 + 0 - 2 - c. Suppose 5*u - 11 = -2*i, 3*u + h*i - 4 = 5*u. Calculate the highest common divisor of u and 1.
1
Suppose 0 = -2*g - 3*s + 385, 2*g - 395 = -2*s + s. Calculate the highest common divisor of 850 and g.
50
Let x(d) = d**2 + d + 3. Let p be x(-4). Let k be 144 - 23/(161/(-42)). Calculate the highest common factor of p and k.
15
Suppose -4*l + 4 + 2 = 2*o, o + 7 = 3*l. Let r(y) = 6*y**3 - 1. Let m be r(o). Let n be -2*(m + -1) - 2. What is the highest common divisor of n and 112?
14
Suppose 0 = x + n - 8, 4*x + n - 2*n = 52. Let l = 3746 + -3722. What is the highest common factor of l and x?
12
Let u(m) = 21*m**3 + 2*m - 3. Let w be u(2). What is the greatest common divisor of w and 26?
13
Let f be (-33)/(-2) + 3/6. Let x be -6*(-7)/((-21)/(-12)). Let m be (-922)/(-6) - x/36. Calculate the greatest common divisor of m and f.
17
Let m = -11 - -8. Let u be -4*-1*m/(-6). Suppose 8 = u*d + 2. Calculate the greatest common divisor of 27 and d.
3
Let z = 161 - 139. What is the highest common factor of 418 and z?
22
Let c be (-41)/(-4) - (-3)/(-12). Suppose -c*s - 27 = -7*s. Let q = s - -22. What is the highest common divisor of q and 26?
13
Let y = -194 - -202. Suppose -12 - 67 = -z. Suppose 4*k = g - 76, -z - 64 = -3*g - 5*k. What is the greatest common factor of g and y?
8
Suppose -y + 3*a = 4*y - 79, -5*y = a - 67. What is the greatest common divisor of 266 and y?
14
Let c be -1 + -10*2/(-4). Suppose 5*z = -w + 80, c*z + 13 = 4*w + 77. Suppose -2 - 3 = 5*t, -2*a - 4*t + z = 0. What is the greatest common divisor of 50 and a?
10
Let y(j) = -j**2 + 7*j + 2. Let c be y(6). Let r = -383 + 463. Calculate the greatest common divisor of c and r.
8
Let h(t) = 7*t - 20*t + 18*t + 1 - 14. Let j be h(29). What is the highest common factor of j and 33?
33
Let k(u) = u**2 + 13*u + 14. Let w be k(-12). Let d be (-60)/12*(-22)/w. Suppose -4*x + 137 + d = 0. What is the greatest common factor of 72 and x?
24
Suppose 7 = 6*v - 5*v. Suppose -10 = 5*m, 4*r - v*r = 5*m - 2. Calculate the greatest common divisor of r and 28.
4
Let r be 5/(1*((-130)/(-25) + -5)). Let u = -68 - -268. Calculate the highest common factor of r and u.
25
Suppose 232 = r - 7*w + 3*w, -4*w + 428 = 2*r. What is the highest common factor of r and 20?
20
Suppose -28 = -5*p - 3*k, -p - 2*p + 5*k = -44. Let j be (-9)/(36/16) + 54. Let h be j/12 - 1/6. What is the highest common divisor of h and p?
4
Let k(u) = u**2 + 6*u + 7. Let r be k(-6). Suppose r = j - 0. Let q be 9 + (0 + 3 - -2). Calculate the greatest common divisor of j and q.
7
Suppose 6*r + 321 = u + 5*r, -4*u = r - 1304. Calculate the highest common divisor of 715 and u.
65
Suppose 0*l - 6 = l. Let f be 2 + 4/l*-3. Let b = -2 - -38. What is the highest common factor of f and b?
4
Suppose -7 = -2*q + 3*x + 30, -3*q - x = -39. Calculate the highest common factor of 602 and q.
14
Let m(c) = c**2 - 29*c + 79. Let n be m(19). Let i = 259 - n. Calculate the greatest common divisor of i and 37.
37
Let j be 146/10 + 12/(-20). Suppose -3*m + 5*m = -2. Let a be 507/18 - m/(-6). Calculate the greatest common factor of a and j.
14
Suppose 6*l = 3*l + 9. Suppose -l*z + 303 = -3*f, -4*z + 193 = -2*z + f. Calculate the greatest common divisor of z and 14.
14
Let k(w) = -w - 6. Let o be k(-6). Suppose h - 2*z = -0*h + 2, o = 4*h - 5*z - 2. Let i be -1 + 0 + 58 + h. Calculate the greatest common factor of i and 5.
5
Let m be (-18)/(-15)*(1 - 332/(-8)). What is the greatest common factor of 3 and m?
3
Let j be 360/32*16/6. Let t = -26 + j. Suppose -3*g + b = 4*b - 3, g + 2*b + t = 0. What is the highest common divisor of 66 and g?
6
Let t = -23 - -25. Let u(b) = -3*b**3 - 2*b**2 - 2*b - 1. Let n be u(-1). Let x be t + 10*(n + -1). Calculate the highest common divisor of x and 4.
4
Suppose 5*r = -0*v + v + 35, 4*r - 39 = 3*v. Suppose r*o = 4*o + 30. Calculate the greatest common factor of 5 and o.
5
Let o(h) = -h**2 + 37*h + 20. Let s be o(37). What is the highest common factor of s and 148?
4
Let j be 123/12 - 2/8. Let l be (0 + -1)/((-5)/200*4). Calculate the highest common divisor of j and l.
10
Suppose c + 14 = 2*c - 2*o, 0 = 2*c + 2*o - 4. Let i be c/(-10) - 16/(-10). Let k(j) = 4*j - 5. Let f be k(4). What is the greatest common divisor of i and f?
1
Let d(g) = -g**3 - 5*g**2 + 19*g + 5. Let r be d(-8). Calculate the highest common factor of 81 and r.
9
Let s be 6/(1 - 4) + 5. Let v be s - 13/(26/(-84)). What is the highest common divisor of 18 and v?
9
Suppose -35*a + 9*a = -60762. What is the greatest common factor of 57 and a?
57
Let d be ((-100)/80)/(1/(-4)). Suppose d*m - 259 = -4. What is the greatest common factor of 17 and m?
17
Suppose 18*o - 48 = 132. Calculate the greatest common divisor of o and 90.
10
Let c(y) = 53*y + 6. Let d be c(3). What is the greatest common divisor of d and 30?
15
Let z be -2 + (-363)/(-6) - 20/8. Calculate the highest common factor of 88 and z.
8
Let c(j) = -2*j + 7. Let r be c(2). Suppose -6*a + 2 = -3*i - a, 0 = 3*i + r*a - 30. Calculate the greatest common factor of 15 and i.
3
Let k(b) = -b**3 - 20*b**2 + 53*b - 53. Let t be k(-23). Calculate the greatest common divisor of t and 90.
45
Let g(z) = -49*z - 9. Let c be g(-1). What is the highest common factor of 640 and c?
40
Let z = 12 + -9. Suppose 0 = -3*c - a + 45, -z*a + 23 = -c + 3*c. Calculate the highest common divisor of c and 8.
8
Suppose -3*v - 2*v + 15 = 0. Suppose -k = v*k - 12. Let o be 1804/66 + 2/(-6). What is the highest common factor of k and o?
3
Suppose -10*h + 10773 = -22007. Calculate the greatest common divisor of h and 22.
22
Suppose 0 = 2*t + v - 252, t + 8*v = 7*v + 124. Calculate the greatest common factor of t and 96.
32
Let r(f) = 12*f + 53. Let b be r(46). Calculate the greatest common divisor of 33 and b.
11
Suppose -5*d - 29*s + 619 = -31*s, 4*d - 494 = 2*s. What is the greatest common factor of d and 25?
25
Let x = 88 - 33. Let n(z) = z**3 + 8*z**2 + 7*z + 9. Let y be n(-7). Suppose y + 2 = h. Calculate the highest common factor of x and h.
11
Let n(g) = g**3 + 6*g**2 - g + 18. Let s be n(-6). Let z = -24 - -72. Calculate the highest common factor of s and z.
24
Let b = 28 + 8. Let c(q) = 7 - 6*q + 25*q - 16*q**2 + q**3 - 3 - 4*q**2. Let v be c(19). What is the highest common divisor of b and v?
4
Suppose -y - 1 = -3*w + 6, 2*w = -y + 8. Suppose -24 = -4*o + 24. Calculate the highest common factor of o and w.
3
Let q(f) = f**2 + 4*f - 6. Let g = 3 - 8. Let p be q(g). Let i be (p/2)/((-3)/36). What is the greatest common factor of 18 and i?
6
Suppose -16*w + 11*w + 445 = 0. Suppose 0*b - 2*b - 120 = 4*x, 0 = 3*x + 2*b + w. Let n = x - -43. What is the greatest common divisor of 36 and n?
12
Let p(y) = 9*y**2 + 5*y - 2. Let t be -8 + 6 + (-2 - 1). Let w be p(t). Suppose -5*c - 5*c = -180. Calculate the highest common factor of w and c.
18
Let h(d) = 3*d**3 + d**2 + d + 2. Let k be h(2). Let l be (64/(-20))/((-3)/15). What is the highest common divisor of k and l?
16
Let z be 6/(-27) + 87/27. Suppose -z*l - b = -23, -2*b - 3 = l - 4. Suppose 4*y = 2*m - 8, 4 = 2*m + y - l. What is the highest common divisor of 18 and m?
6
Suppose -6*p + 541 = -p - 4*q, -20 = 5*q. Suppose -13*b + 11*b = -30. Calculate the highest common divisor of p and b.
15
Let h 